 + 639. Give b(-9).
-621
Let r(m) = -2*m**3 - 33*m**2 - 43*m + 33. Calculate r(-15).
3
Let n(b) = b**3 + b**2 + 24*b - 21. Calculate n(0).
-21
Let x(q) = 3*q**2 - 84*q + 399. Give x(6).
3
Let q(s) = -s**2 - 7*s + 802. Give q(-32).
2
Let r(y) = -7*y**2 + 334*y + 85. What is r(48)?
-11
Let d(r) = 2*r**2 + 168*r + 327. Give d(-2).
-1
Let p(c) = -132*c + 6619. What is p(50)?
19
Let t(v) = 508*v + 3060. Give t(-6).
12
Let m(g) = -6*g**2 - 992*g - 992. Determine m(-1).
-6
Let x(g) = g**2 - 36*g - 534. What is x(36)?
-534
Let y(c) = 5*c**2 - 568*c - 245. What is y(114)?
-17
Let w(t) = -4*t**3 - 33*t**2 - 18*t - 89. Determine w(-8).
-9
Let s(y) = y**2 - 333*y - 5581. Give s(-16).
3
Let o(j) = j**3 - 10*j**2 + 50*j - 376. Calculate o(9).
-7
Let l(z) = 9*z**3 + 107*z**2 + 156. Determine l(-12).
12
Let c(s) = 14*s**3 - 12*s**2 - s. What is c(1)?
1
Let a(i) = -9*i**2 - 531*i + 3. Give a(-59).
3
Let r(v) = -23*v**3 - 4*v**2 - 11*v - 9. What is r(-1)?
21
Let q(x) = x**3 - 16*x - 50. What is q(-3)?
-29
Let l(g) = g**2 + 62*g + 339. What is l(-56)?
3
Let b(k) = -3*k**3 + 126*k**2 + 2*k - 90. Calculate b(42).
-6
Let p(b) = -7*b - 224. Calculate p(-33).
7
Let v(t) = -3*t + 167. Calculate v(42).
41
Let k(r) = 85*r + 23. Calculate k(1).
108
Let p(a) = 29*a - 40. Give p(2).
18
Let f(l) = l**2 + 285*l - 578. Give f(2).
-4
Let r(b) = -9*b**2 - 57*b + 682. Calculate r(10).
-788
Let d(i) = -3*i**3 - 65*i**2 + 30*i + 117. What is d(-22)?
-59
Let q(a) = -a**3 - 10*a**2 - a + 7. Determine q(-8).
-113
Let t(x) = x**2 - 12*x + 9. Determine t(8).
-23
Let c(d) = d**2 + 138*d + 4337. What is c(-88)?
-63
Let w(m) = -2*m**2 + 221*m - 5644. Calculate w(40).
-4
Let b(p) = p**2 + 23*p + 88. Give b(-16).
-24
Let k(h) = -3*h**2 + 20*h + 124. What is k(11)?
-19
Let h(y) = -3505*y - 14028. Give h(-4).
-8
Let m(f) = f**3 - 39*f**2 + 85*f - 372. What is m(37)?
35
Let l(n) = -n**3 - 4*n**2 + 71*n + 388. What is l(-6)?
34
Let h(w) = 8*w**3 + 69*w**2 - 3*w - 8. Calculate h(-9).
-224
Let j(n) = -79*n - 1044. Give j(-13).
-17
Let w(l) = l**3 - 2*l**2 + 6*l - 5. What is w(3)?
22
Let k(s) = 2*s**3 + 12*s**2 + 10*s + 50. Calculate k(-6).
-10
Let l(f) = 81*f - 447. What is l(6)?
39
Let r(i) = 12*i + 475. Give r(-32).
91
Let p(w) = -64*w. Calculate p(-5).
320
Let x(j) = j**2 - 103*j + 2467. What is x(38)?
-3
Let s(d) = -3*d**2 + 626*d - 3711. Calculate s(6).
-63
Let s(l) = -185*l + 5365. What is s(29)?
0
Let b(z) = 1454*z + 7292. Give b(-5).
22
Let p(f) = -4*f - 16. Determine p(13).
-68
Let f(i) = 32*i**2 + 512*i + 17. Calculate f(-16).
17
Let g(z) = 40*z - 52. Determine g(2).
28
Let c(x) = 8*x**2 - 514*x - 405. Calculate c(65).
-15
Let s(d) = d**2 - 56*d - 583. Give s(-8).
-71
Let z(i) = i - 72. What is z(29)?
-43
Let s(f) = 6*f - 106. Calculate s(15).
-16
Let i(c) = -2*c**3 + 4*c**2 + 18*c - 92. Determine i(5).
-152
Let d(j) = 1561*j - 3122. Calculate d(2).
0
Let n(r) = 4*r - 18. Give n(27).
90
Let t(j) = -j**3 + 54*j**2 - 156*j - 251. Give t(51).
-404
Let d(j) = 2*j**2 + 16*j - 274. Calculate d(-16).
-18
Let n(t) = -54*t - 287. Calculate n(-5).
-17
Let v(x) = -101*x - 2134. Calculate v(-22).
88
Let j(n) = 81*n - 3061. Calculate j(38).
17
Let l(o) = -o**3 + 16*o**2 + 24*o - 46. What is l(18)?
-262
Let f(h) = -15*h - 755. Calculate f(-48).
-35
Let d(z) = 2*z**2 - 75*z + 559. Calculate d(11).
-24
Let s(c) = -c**2 - 55*c + 12. What is s(-59)?
-224
Let k(w) = 4*w**3 - 50*w**2 - 86*w + 14. Determine k(14).
-14
Let t(s) = -2*s**3 - 315*s**2 - 765*s + 1552. What is t(-155)?
2
Let m(j) = -84*j + 4636. Calculate m(55).
16
Let k(z) = -3*z**2 + 491*z + 12268. What is k(-22)?
14
Let l(j) = -7*j**3 - 677*j**2 + 192*j - 128. Determine l(-97).
66
Let h(v) = v**3 + 22*v**2 - 17*v - 1121. Determine h(-20).
19
Let l(q) = -8*q**3 + 353*q**2 - 44*q + 11. Determine l(44).
11
Let i(s) = 39*s - 314. Calculate i(8).
-2
Let d(m) = 467*m - 4718. Determine d(10).
-48
Let h(t) = 471*t + 32560. Give h(-69).
61
Let y(w) = 174*w + 3016. Give y(-17).
58
Let n(w) = 10*w**2 - 19*w. Calculate n(2).
2
Let g(i) = i**2 + 37*i + 267. Determine g(-10).
-3
Let i(z) = -z**2 - 19*z - 189. Calculate i(-8).
-101
Let n(v) = 8*v**2 - 7*v + 47. What is n(4)?
147
Let o(n) = -19*n - 2793. Calculate o(-147).
0
Let t(v) = v**3 - 15*v**2 - 24*v + 96. Give t(-4).
-112
Let a(c) = -90*c - 1451. What is a(-16)?
-11
Let v(t) = -24*t + 25. What is v(10)?
-215
Let d(r) = 3*r**2 + 438*r + 433. Calculate d(-145).
-2
Let a(r) = -6*r**2 - 9*r - 22. What is a(-2)?
-28
Let w(u) = 3402*u - 10228. What is w(3)?
-22
Let u(b) = 2*b**3 + 14*b**2 + 3*b - 3. Determine u(-5).
82
Let i(p) = p**3 - 26*p**2 + 5*p + 35. Calculate i(26).
165
Let n(r) = -r**2 + 140*r - 2784. What is n(116)?
0
Let u(q) = 12*q - 14. Calculate u(-5).
-74
Let f(y) = -y**3 - 34*y**2 + 286*y - 75. Give f(-41).
-34
Let r(m) = 465*m - 9326. Give r(20).
-26
Let g(b) = -b**3 + 26*b**2 - 65*b - 2. What is g(3)?
10
Let b(q) = 170*q**3 + 1871*q**2 + 12*q + 16. Give b(-11).
5
Let t(a) = -36*a - 2739. Calculate t(-76).
-3
Let v(t) = -13*t - 368. What is v(-44)?
204
Let t(n) = 4*n**3 + 36*n**2 + 56*n + 20. What is t(-9)?
-484
Let k(r) = 780*r + 5491. Calculate k(-7).
31
Let r(m) = 265*m**2 - 1057*m - 20. Determine r(4).
-8
Let q(v) = -35*v - 245. Calculate q(-6).
-35
Let a(r) = 11*r**2 - 85*r + 465. Calculate a(6).
351
Let b(n) = -75*n - 39. What is b(2)?
-189
Let a(v) = -14*v**2 + 60*v - 61. Calculate a(1).
-15
Let j(v) = 38*v + 462. Determine j(-6).
234
Let p(a) = 241*a + 10066. Give p(-42).
-56
Let c(z) = -z**3 - 22*z**2 - 14*z - 116. Calculate c(-22).
192
Let a(y) = -9*y**2 + 771*y + 1857. Calculate a(88).
9
Let a(b) = 202*b + 4489. Give a(-22).
45
Let d(m) = -26*m + 3375. Calculate d(122).
203
Let y(d) = d**2 + 19*d + 67. What is y(-16)?
19
Let d(i) = 3*i**2 - 4*i - 20. What is d(-5)?
75
Let f(u) = 11*u - 5. Determine f(19).
204
Let n(j) = -368*j + 122553. Determine n(333).
9
Let r(o) = -52*o - 541. Calculate r(-11).
31
Let j(b) = b**2 + 1741*b - 40568. What is j(23)?
4
Let h(q) = q**3 + q**2 - 422*q - 1645. What is h(-4)?
-5
Let a(l) = 11*l**2 + 109*l + 17. Calculate a(-10).
27
Let d(c) = -10*c**2 - 8*c - 4. Give d(4).
-196
Let q(h) = 110*h**3 - 4*h - 2. What is q(-1)?
-108
Let q(i) = -i**3 + 59*i**2 + 317*i - 13. Determine q(-5).
2
Let p(v) = 53*v + 673. Calculate p(-13).
-16
Let t(j) = -j**2 + 22*j + 424. Calculate t(35).
-31
Let y(d) = d**3 + 2*d**2 - 21*d - 168. Give y(6).
-6
Let y(f) = -95*f**2 - 858*f - 20. Calculate y(-9).
7
Let b(n) = 276*n + 6873. Give b(-25).
-27
Let j(s) = s**3 + 22*s**2 + 21*s + 65. Give j(-22).
-397
Let x(p) = -p**3 - 10*p**2 - 10*p - 104. Give x(-10).
-4
Let q(h) = -h**3 - 14*h**2 - 45*h - 71. Give q(-9).
-71
Let w(d) = 17670*d + 106014. Calculate w(-6).
-6
Let h(t) = 21*t + 5412. Give h(-258).
-6
Let a(x) = x**2 - 9*x - 374. Calculate a(24).
-14
Let a(d) = -29*d + 2501. Calculate a(85).
36
Let c(v) = 107*v - 7005. Give c(65).
-50
Let b(t) = -30*t**2 - 8*t - 42. What is b(-3)?
-288
Let l(t) = -421*t + 47143. Determine l(112).
-9
Let z(v) = 2*v**3 + 5*v**2 - 19*v + 39. What is z(2)?
37
Let u(x) = -3*x**3 - 8*x**2 + 6*x + 6. Give u(-4).
46
Let n(t) = -t**2 + 710*t - 9055. Calculate n(13).
6
Let n(c) = 7*c - 138. Determine n(15).
-33
Let d(q) = 4*q - 29. Calculate d(8).
3
Let v(j) = -j**2 - 22*j - 16. Calculate v(-12).
104
Let a(j) = 3*j**2 - 42*j + 23. What is a(14)?
23
Let y(t) = 2*t**3 + 510*t**2 - 1032*t + 13. Calculate y(2).
5
Let j(l) = l**3 - 10*l**2 - 23*l - 63. What is j(12)?
-51
Let x(t) = 34*t + 537. Determine x(-13).
95
Let c(w) = w**2 + 1212*w + 7251. Give c(-6).
15
Let o(q) = 5433*q - 5436. Give o(1).
-3
Let v(s) = -3*s**3 - 40*s - 76. Calculate v(-2).
28
Let a(u) = 2*u**3 + 69*u**2 - 182*u + 109. Calculate a(-37).
-2
Let x(b) = 34*b + 1516. Calculate x(-47).
-82
Let p(j) = 51*j + 4701. Give p(-92).
9
Let i(r) = r**2 + 84*r + 1756. What is i(-40)?
-4
Let v(d) = d**3 + 145*d**2 - 283*d + 1600. Determine v(-147).
-17
Let i(q) = q**3 - 6*q**2 - 10*q - 6. What is i(6)?
-66
Let y(a) = -a**3 - 21*a**2 + 250*a - 591. Determine y(-30).
9
Let f(r) = -2*r**2 + 24*r - 34. Determine f(13).
-60
Let n(t) = t**3 + 26*t**2 + 202*t + 477. Determine n(-7).
-6
Let w(a) = -10*a - 62. What is w(17)?
-232
Let a(v) = 4*v**2 - 41*v + 191. Give a(16).
559
Let r(m) = -4*m**3 - 5